{"id":90,"date":"2019-02-27T04:55:58","date_gmt":"2019-02-27T03:55:58","guid":{"rendered":"https:\/\/highlandproducts.com.pe\/pnc\/?page_id=90"},"modified":"2019-02-27T05:05:39","modified_gmt":"2019-02-27T04:05:39","slug":"paquete","status":"publish","type":"page","link":"https:\/\/highlandproducts.com.pe\/pnc\/paquete\/","title":{"rendered":"Paquete tur\u00edstico \u00a1Todo incluido!"},"content":{"rendered":"\n<figure class=\"wp-block-image\"><img loading=\"lazy\" width=\"1000\" height=\"450\" src=\"https:\/\/highlandproducts.com.pe\/pnc\/wp-content\/uploads\/2019\/02\/Parque-Nacional-del-Caf\u00e9-17.jpg\" alt=\"\" class=\"wp-image-60\" srcset=\"https:\/\/highlandproducts.com.pe\/pnc\/wp-content\/uploads\/2019\/02\/Parque-Nacional-del-Caf\u00e9-17.jpg 1000w, https:\/\/highlandproducts.com.pe\/pnc\/wp-content\/uploads\/2019\/02\/Parque-Nacional-del-Caf\u00e9-17-300x135.jpg 300w, https:\/\/highlandproducts.com.pe\/pnc\/wp-content\/uploads\/2019\/02\/Parque-Nacional-del-Caf\u00e9-17-768x346.jpg 768w\" sizes=\"(max-width: 1000px) 100vw, 1000px\" \/><\/figure>\n\n\n\n<h3>Incluye:<\/h3>\n\n\n\n<p>\n\n\n\n\n\n\n\n\n\n\n\n\n\n\n\n\nTraslado del terminal terrestre de La Merced, tour\nruta del caf\u00e9, movilidad, entradas, guiado, degustaci\u00f3n, 1 desayuno, 2\nalmuerzos, 1 cena,&nbsp;  1 noche de\nalojamiento en la Finca Rainforest, fogata cafetalera.\n\n\n\n<\/p>\n\n\n\n<h2>D\u00eda 01: <\/h2>\n\n\n\n<ul><li>Visita al distrito de San Luis de Shuaro.<\/li><li>Mirador del Parque Nacional del Caf\u00e9.<\/li><li>Plaza principal de Sanchirio Palomar &#8211; Capital del Parque Nacional del Caf\u00e9.<\/li><li>Catarata de Sanchirio, Piscina Natural, Ca\u00f1\u00f3n del Tunqui.<\/li><li>Catarata El Salto del \u00c1ngel.<\/li><li>Finca Org\u00e1nica Rainforest recepci\u00f3n de bienvenida con una taza de caf\u00e9 helado o caliente.<\/li><li>Vista panor\u00e1mica entre las regiones de Pasco y Jun\u00edn en la Reserva Natural de los Mishas.<\/li><li>Almuerzo (Incluido).<\/li><li>Visita al \u201cCentro de Conservaci\u00f3n del Misha\u201d productor del caf\u00e9 m\u00e1s caro del mundo.<\/li><li>Guiado por la planta de procesamiento de finos caf\u00e9s con energ\u00eda solar, con capacidad 30 toneladas por d\u00eda.<\/li><li>Cena (Incluido).<\/li><li>Pernocte en la Finca Org\u00e1nica Rainforest (Hospedaje CAMPESTRE Incluido).<\/li><\/ul>\n\n\n\n<h2>D\u00eda 02:<\/h2>\n\n\n\n<ul><li><\/li><\/ul>\n\n\n\n<ul><li>Desayuno (Incluido).<\/li><li>Recorrido por el Jard\u00edn Bot\u00e1nico del caf\u00e9.<\/li><li>Recorrido por la piscina natural y la catarata de los Mishas.<\/li><li>Circuito por los cultivos org\u00e1nicos de caf\u00e9, pi\u00f1a Golden y plantas medicinales.<\/li><li>Visita al centro agron\u00f3mico bajo la influencia c\u00f3smica.<\/li><li>Guiado por el \u00e1rea de producci\u00f3n de compost que sirve para la fertilizaci\u00f3n de los cultivos.<\/li><li>Guiado por el \u00e1rea de producci\u00f3n de biofermentos org\u00e1nicos, que sirven para el control de plagas y enfermedades.<\/li><li>Almuerzo (Incluido).<\/li><li>Cata de caf\u00e9.<\/li><\/ul>\n\n\n\n<h3>NOTA: <\/h3>\n\n\n\n<ul><li>TARIFA EN SOLES POR PERSONA.<\/li><li>TARIFA V\u00c1LIDA S\u00d3LO PARA TEMPORADA BAJA.<\/li><li>CHECK IN HOTELERO 13:00 \u2013 CHECK OUT HOTELERO 12:00<\/li><\/ul>\n\n\n\n<h3>RECOMENDACIONES:<\/h3>\n\n\n\n<ul><li>Llevar Ropa de Media Estaci\u00f3n y verano (casaca para el viaje, poncho impermeable) Bloqueador Solar, Repelente, Botiqu\u00edn de aseo personal. <\/li><li>Zapatillas o botas para caminatas.<\/li><\/ul>\n\n\n\n<p style=\"color:#ffffff;text-align:center\" class=\"has-text-color has-background has-normal-font-size has-luminous-vivid-orange-background-color\"><strong>Solicite disponibilidad y precios \u00a1Ll\u00e1manos o escr\u00edbanos!<\/strong><\/p>\n","protected":false},"excerpt":{"rendered":"<p>Incluye: Traslado del terminal terrestre de La Merced, tour ruta del caf\u00e9, movilidad, entradas, guiado, degustaci\u00f3n, 1 desayuno, 2 almuerzos, 1 cena,&nbsp; 1 noche de alojamiento en la Finca Rainforest, fogata cafetalera. D\u00eda 01: Visita al distrito de San Luis de Shuaro. Mirador del Parque Nacional del Caf\u00e9. Plaza principal de Sanchirio Palomar &#8211; Capital [&hellip;]<\/p>\n","protected":false},"author":1,"featured_media":0,"parent":0,"menu_order":0,"comment_status":"closed","ping_status":"closed","template":"","meta":[],"_links":{"self":[{"href":"https:\/\/highlandproducts.com.pe\/pnc\/wp-json\/wp\/v2\/pages\/90"}],"collection":[{"href":"https:\/\/highlandproducts.com.pe\/pnc\/wp-json\/wp\/v2\/pages"}],"about":[{"href":"https:\/\/highlandproducts.com.pe\/pnc\/wp-json\/wp\/v2\/types\/page"}],"author":[{"embeddable":true,"href":"https:\/\/highlandproducts.com.pe\/pnc\/wp-json\/wp\/v2\/users\/1"}],"replies":[{"embeddable":true,"href":"https:\/\/highlandproducts.com.pe\/pnc\/wp-json\/wp\/v2\/comments?post=90"}],"version-history":[{"count":8,"href":"https:\/\/highlandproducts.com.pe\/pnc\/wp-json\/wp\/v2\/pages\/90\/revisions"}],"predecessor-version":[{"id":98,"href":"https:\/\/highlandproducts.com.pe\/pnc\/wp-json\/wp\/v2\/pages\/90\/revisions\/98"}],"wp:attachment":[{"href":"https:\/\/highlandproducts.com.pe\/pnc\/wp-json\/wp\/v2\/media?parent=90"}],"curies":[{"name":"wp","href":"https:\/\/api.w.org\/{rel}","templated":true}]}}